{"id":173,"date":"2020-08-19T20:37:14","date_gmt":"2020-08-19T18:37:14","guid":{"rendered":"https:\/\/www.sedliackastodola.sk\/test\/?page_id=173"},"modified":"2024-01-05T16:39:00","modified_gmt":"2024-01-05T15:39:00","slug":"destilaty","status":"publish","type":"page","link":"https:\/\/www.sedliackastodola.sk\/test\/?page_id=173","title":{"rendered":"Destil\u00e1ty"},"content":{"rendered":"\n<figure class=\"wp-block-table is-style-stripes\"><table><tbody><tr><td><span class=\"style3\">Vodka Finlandia<\/span><\/td><td><span class=\"style3\">5 cl<\/span><\/td><td class=\"has-text-align-right\" data-align=\"right\"><div align=\"right\" class=\"style3\">3,00 \u20ac<\/div><\/td><\/tr><tr><td><span class=\"style3\">Absolut vodka<\/span><\/td><td><span class=\"style3\">5 cl<\/span><\/td><td class=\"has-text-align-right\" data-align=\"right\">3,00 \u20ac<\/td><\/tr><tr><td><span class=\"style3\">Bacardi rum<\/span><\/td><td><span class=\"style3\">5 cl<\/span><\/td><td class=\"has-text-align-right\" data-align=\"right\"><div align=\"right\" class=\"style3\">3,60 \u20ac<\/div><\/td><\/tr><tr><td><span class=\"style3\">Beefeeter gin<\/span><\/td><td><span class=\"style3\">5 cl<\/span><\/td><td class=\"has-text-align-right\" data-align=\"right\">3,60 \u20ac<\/td><\/tr><tr><td><span class=\"style3\">Tequila Pepe Lopes silver<\/span><\/td><td><span class=\"style3\">4 cl<\/span><\/td><td class=\"has-text-align-right\" data-align=\"right\"><div align=\"right\" class=\"style3\">3,60 \u20ac<\/div><\/td><\/tr><tr><td><span class=\"style3\">Tequila Pepe Lopes gold<\/span><\/td><td><span class=\"style3\">4 cl<\/span><\/td><td class=\"has-text-align-right\" data-align=\"right\">4,50 \u20ac<\/td><\/tr><tr><td><span class=\"style3\">Jack Daniels<\/span><\/td><td><span class=\"style3\">5 cl<\/span><\/td><td class=\"has-text-align-right\" data-align=\"right\"><div align=\"right\" class=\"style3\">4,80 \u20ac<\/div><\/td><\/tr><tr><td><span class=\"style3\">Grant\u00b4s whisky<\/span><\/td><td><span class=\"style3\">5 cl<\/span><\/td><td class=\"has-text-align-right\" data-align=\"right\"><div align=\"right\" class=\"style3\">4,70 \u20ac<\/div><\/td><\/tr><tr><td><span class=\"style3\">Johnny Walker whisky<\/span><\/td><td><span class=\"style3\">5 cl<\/span><\/td><td class=\"has-text-align-right\" data-align=\"right\"><div align=\"right\" class=\"style3\">4,70 \u20ac<\/div><\/td><\/tr><tr><td><span class=\"style3\">Johnny Walker whisky 12 rocn\u00e1<\/span><\/td><td><span class=\"style3\">5 cl<\/span><\/td><td class=\"has-text-align-right\" data-align=\"right\"><div align=\"right\" class=\"style3\">5,20 \u20ac<\/div><\/td><\/tr><tr><td><span class=\"style3\">Slivka spi\u0161 origin\u00e1l <\/span><\/td><td><span class=\"style3\">5 cl<\/span><\/td><td class=\"has-text-align-right\" data-align=\"right\"><div align=\"right\" class=\"style3\">3,20 \u20ac<\/div><\/td><\/tr><tr><td><span class=\"style3\">\u010cere\u0161\u0148a spi\u0161 origin\u00e1l <\/span><\/td><td><span class=\"style3\">5 cl<\/span><\/td><td class=\"has-text-align-right\" data-align=\"right\"><div align=\"right\" class=\"style3\">3,00 \u20ac<\/div><\/td><\/tr><tr><td><span class=\"style3\">Borovi\u010dka spi\u0161 origin\u00e1l <\/span><\/td><td><span class=\"style3\">5 cl<\/span><\/td><td class=\"has-text-align-right\" data-align=\"right\"><div align=\"right\" class=\"style3\">3,00 \u20ac<\/div><\/td><\/tr><tr><td><span class=\"style3\">Marhu\u013ea spi\u0161 origin\u00e1l <\/span><\/td><td><span class=\"style3\">5 cl<\/span><\/td><td class=\"has-text-align-right\" data-align=\"right\"><div align=\"right\" class=\"style3\">3,00 \u20ac<\/div><\/td><\/tr><tr><td><span class=\"style3\">Hru\u0161ka spi\u0161 origin\u00e1l <\/span><\/td><td><span class=\"style3\">5 cl<\/span><\/td><td class=\"has-text-align-right\" data-align=\"right\"><div align=\"right\" class=\"style3\">3,00 \u20ac<\/div><\/td><\/tr><tr><td><span class=\"style3\">Wilmos hru\u0161kovica<\/span><\/td><td><span class=\"style3\">5 cl<\/span><\/td><td class=\"has-text-align-right\" data-align=\"right\"><div align=\"right\" class=\"style3\">4,40 \u20ac<\/div><\/td><\/tr><tr><td>Captain Morgan<\/td><td>5 cl<\/td><td class=\"has-text-align-right\" data-align=\"right\">3,20 \u20ac<\/td><\/tr><tr><td><span class=\"style3\">Karpatsk\u00e9 brandy \u0161peci\u00e1l<\/span><\/td><td><span class=\"style3\">5 cl<\/span><\/td><td class=\"has-text-align-right\" data-align=\"right\"><div align=\"right\" class=\"style3\">5,00 \u20ac<\/div><\/td><\/tr><tr><td><span class=\"style3\">Karpatsk\u00e9 brandy<\/span><\/td><td><span class=\"style3\">5 cl<\/span><\/td><td class=\"has-text-align-right\" data-align=\"right\"><div align=\"right\" class=\"style3\">3,20 \u20ac<\/div><\/td><\/tr><tr><td>Metaxa ***** <\/td><td>5 cl <\/td><td class=\"has-text-align-right\" data-align=\"right\"><div align=\"right\">4,20 \u20ac<\/div><\/td><\/tr><\/tbody><\/table><\/figure>\n","protected":false},"excerpt":{"rendered":"<p>Vodka Finlandia 5 cl 3,00 \u20ac Absolut vodka 5 cl 3,00 \u20ac Bacardi rum 5 cl 3,60 \u20ac Beefeeter gin 5 cl 3,60 \u20ac Tequila Pepe Lopes silver 4 cl 3,60 \u20ac Tequila Pepe Lopes gold 4 cl 4,50 \u20ac Jack Daniels 5 cl 4,80 \u20ac Grant\u00b4s whisky 5 cl 4,70 \u20ac Johnny Walker whisky [&hellip;]<\/p>\n","protected":false},"author":1,"featured_media":0,"parent":0,"menu_order":0,"comment_status":"closed","ping_status":"closed","template":"","meta":{"_mi_skip_tracking":false,"footnotes":""},"class_list":["post-173","page","type-page","status-publish","hentry"],"yoast_head":"<!-- This site is optimized with the Yoast SEO plugin v19.11 - https:\/\/yoast.com\/wordpress\/plugins\/seo\/ -->\n<title>Destil\u00e1ty - Re\u0161taur\u00e1cia Sedliacka stodola<\/title>\n<meta name=\"robots\" content=\"index, follow, max-snippet:-1, max-image-preview:large, max-video-preview:-1\" \/>\n<link rel=\"canonical\" href=\"https:\/\/www.sedliackastodola.sk\/test\/?page_id=173\" \/>\n<meta property=\"og:locale\" content=\"sk_SK\" \/>\n<meta property=\"og:type\" content=\"article\" \/>\n<meta property=\"og:title\" content=\"Destil\u00e1ty - Re\u0161taur\u00e1cia Sedliacka stodola\" \/>\n<meta property=\"og:description\" content=\"Vodka Finlandia 5 cl 3,00 \u20ac Absolut vodka 5 cl 3,00 \u20ac Bacardi rum 5 cl 3,60 \u20ac Beefeeter gin 5 cl 3,60 \u20ac Tequila Pepe Lopes silver 4 cl 3,60 \u20ac Tequila Pepe Lopes gold 4 cl 4,50 \u20ac Jack Daniels 5 cl 4,80 \u20ac Grant\u00b4s whisky 5 cl 4,70 \u20ac Johnny Walker whisky [&hellip;]\" \/>\n<meta property=\"og:url\" content=\"https:\/\/www.sedliackastodola.sk\/test\/?page_id=173\" \/>\n<meta property=\"og:site_name\" content=\"Re\u0161taur\u00e1cia Sedliacka stodola\" \/>\n<meta property=\"article:modified_time\" content=\"2024-01-05T15:39:00+00:00\" \/>\n<meta name=\"twitter:card\" content=\"summary_large_image\" \/>\n<meta name=\"twitter:label1\" content=\"Predpokladan\u00fd \u010das \u010d\u00edtania\" \/>\n\t<meta name=\"twitter:data1\" content=\"1 min\u00fata\" \/>\n<script type=\"application\/ld+json\" class=\"yoast-schema-graph\">{\"@context\":\"https:\/\/schema.org\",\"@graph\":[{\"@type\":\"WebPage\",\"@id\":\"https:\/\/www.sedliackastodola.sk\/test\/?page_id=173\",\"url\":\"https:\/\/www.sedliackastodola.sk\/test\/?page_id=173\",\"name\":\"Destil\u00e1ty - Re\u0161taur\u00e1cia Sedliacka stodola\",\"isPartOf\":{\"@id\":\"https:\/\/www.sedliackastodola.sk\/test\/#website\"},\"datePublished\":\"2020-08-19T18:37:14+00:00\",\"dateModified\":\"2024-01-05T15:39:00+00:00\",\"breadcrumb\":{\"@id\":\"https:\/\/www.sedliackastodola.sk\/test\/?page_id=173#breadcrumb\"},\"inLanguage\":\"sk-SK\",\"potentialAction\":[{\"@type\":\"ReadAction\",\"target\":[\"https:\/\/www.sedliackastodola.sk\/test\/?page_id=173\"]}]},{\"@type\":\"BreadcrumbList\",\"@id\":\"https:\/\/www.sedliackastodola.sk\/test\/?page_id=173#breadcrumb\",\"itemListElement\":[{\"@type\":\"ListItem\",\"position\":1,\"name\":\"Home\",\"item\":\"https:\/\/www.sedliackastodola.sk\/test\/\"},{\"@type\":\"ListItem\",\"position\":2,\"name\":\"Destil\u00e1ty\"}]},{\"@type\":\"WebSite\",\"@id\":\"https:\/\/www.sedliackastodola.sk\/test\/#website\",\"url\":\"https:\/\/www.sedliackastodola.sk\/test\/\",\"name\":\"Re\u0161taur\u00e1cia Sedliacka stodola\",\"description\":\"Tradi\u010dn\u00e1 rodinn\u00e1 Slovensk\u00e1 re\u0161taur\u00e1cia\",\"potentialAction\":[{\"@type\":\"SearchAction\",\"target\":{\"@type\":\"EntryPoint\",\"urlTemplate\":\"https:\/\/www.sedliackastodola.sk\/test\/?s={search_term_string}\"},\"query-input\":\"required name=search_term_string\"}],\"inLanguage\":\"sk-SK\"}]}<\/script>\n<!-- \/ Yoast SEO plugin. -->","yoast_head_json":{"title":"Destil\u00e1ty - Re\u0161taur\u00e1cia Sedliacka stodola","robots":{"index":"index","follow":"follow","max-snippet":"max-snippet:-1","max-image-preview":"max-image-preview:large","max-video-preview":"max-video-preview:-1"},"canonical":"https:\/\/www.sedliackastodola.sk\/test\/?page_id=173","og_locale":"sk_SK","og_type":"article","og_title":"Destil\u00e1ty - Re\u0161taur\u00e1cia Sedliacka stodola","og_description":"Vodka Finlandia 5 cl 3,00 \u20ac Absolut vodka 5 cl 3,00 \u20ac Bacardi rum 5 cl 3,60 \u20ac Beefeeter gin 5 cl 3,60 \u20ac Tequila Pepe Lopes silver 4 cl 3,60 \u20ac Tequila Pepe Lopes gold 4 cl 4,50 \u20ac Jack Daniels 5 cl 4,80 \u20ac Grant\u00b4s whisky 5 cl 4,70 \u20ac Johnny Walker whisky [&hellip;]","og_url":"https:\/\/www.sedliackastodola.sk\/test\/?page_id=173","og_site_name":"Re\u0161taur\u00e1cia Sedliacka stodola","article_modified_time":"2024-01-05T15:39:00+00:00","twitter_card":"summary_large_image","twitter_misc":{"Predpokladan\u00fd \u010das \u010d\u00edtania":"1 min\u00fata"},"schema":{"@context":"https:\/\/schema.org","@graph":[{"@type":"WebPage","@id":"https:\/\/www.sedliackastodola.sk\/test\/?page_id=173","url":"https:\/\/www.sedliackastodola.sk\/test\/?page_id=173","name":"Destil\u00e1ty - Re\u0161taur\u00e1cia Sedliacka stodola","isPartOf":{"@id":"https:\/\/www.sedliackastodola.sk\/test\/#website"},"datePublished":"2020-08-19T18:37:14+00:00","dateModified":"2024-01-05T15:39:00+00:00","breadcrumb":{"@id":"https:\/\/www.sedliackastodola.sk\/test\/?page_id=173#breadcrumb"},"inLanguage":"sk-SK","potentialAction":[{"@type":"ReadAction","target":["https:\/\/www.sedliackastodola.sk\/test\/?page_id=173"]}]},{"@type":"BreadcrumbList","@id":"https:\/\/www.sedliackastodola.sk\/test\/?page_id=173#breadcrumb","itemListElement":[{"@type":"ListItem","position":1,"name":"Home","item":"https:\/\/www.sedliackastodola.sk\/test\/"},{"@type":"ListItem","position":2,"name":"Destil\u00e1ty"}]},{"@type":"WebSite","@id":"https:\/\/www.sedliackastodola.sk\/test\/#website","url":"https:\/\/www.sedliackastodola.sk\/test\/","name":"Re\u0161taur\u00e1cia Sedliacka stodola","description":"Tradi\u010dn\u00e1 rodinn\u00e1 Slovensk\u00e1 re\u0161taur\u00e1cia","potentialAction":[{"@type":"SearchAction","target":{"@type":"EntryPoint","urlTemplate":"https:\/\/www.sedliackastodola.sk\/test\/?s={search_term_string}"},"query-input":"required name=search_term_string"}],"inLanguage":"sk-SK"}]}},"_links":{"self":[{"href":"https:\/\/www.sedliackastodola.sk\/test\/index.php?rest_route=\/wp\/v2\/pages\/173","targetHints":{"allow":["GET"]}}],"collection":[{"href":"https:\/\/www.sedliackastodola.sk\/test\/index.php?rest_route=\/wp\/v2\/pages"}],"about":[{"href":"https:\/\/www.sedliackastodola.sk\/test\/index.php?rest_route=\/wp\/v2\/types\/page"}],"author":[{"embeddable":true,"href":"https:\/\/www.sedliackastodola.sk\/test\/index.php?rest_route=\/wp\/v2\/users\/1"}],"replies":[{"embeddable":true,"href":"https:\/\/www.sedliackastodola.sk\/test\/index.php?rest_route=%2Fwp%2Fv2%2Fcomments&post=173"}],"version-history":[{"count":4,"href":"https:\/\/www.sedliackastodola.sk\/test\/index.php?rest_route=\/wp\/v2\/pages\/173\/revisions"}],"predecessor-version":[{"id":394,"href":"https:\/\/www.sedliackastodola.sk\/test\/index.php?rest_route=\/wp\/v2\/pages\/173\/revisions\/394"}],"wp:attachment":[{"href":"https:\/\/www.sedliackastodola.sk\/test\/index.php?rest_route=%2Fwp%2Fv2%2Fmedia&parent=173"}],"curies":[{"name":"wp","href":"https:\/\/api.w.org\/{rel}","templated":true}]}}