{"id":196,"date":"2020-08-20T15:50:34","date_gmt":"2020-08-20T13:50:34","guid":{"rendered":"https:\/\/www.sedliackastodola.sk\/test\/?page_id=196"},"modified":"2022-12-10T12:03:06","modified_gmt":"2022-12-10T11:03:06","slug":"restauracia-sedliacka-stodola","status":"publish","type":"page","link":"https:\/\/www.sedliackastodola.sk\/test\/","title":{"rendered":"Re\u0161taur\u00e1cia Sedliacka stodola"},"content":{"rendered":"\n<div class=\"wp-block-group\"><div class=\"wp-block-group__inner-container is-layout-flow wp-block-group-is-layout-flow\">\n<figure class=\"wp-block-image size-full is-resized\"><img loading=\"lazy\" decoding=\"async\" src=\"https:\/\/www.sedliackastodola.sk\/test\/wp-content\/uploads\/2022\/12\/0001.jpg\" alt=\"\" class=\"wp-image-273\" width=\"612\" height=\"408\" srcset=\"https:\/\/www.sedliackastodola.sk\/test\/wp-content\/uploads\/2022\/12\/0001.jpg 600w, https:\/\/www.sedliackastodola.sk\/test\/wp-content\/uploads\/2022\/12\/0001-300x200.jpg 300w\" sizes=\"auto, (max-width: 612px) 100vw, 612px\" \/><figcaption><mark style=\"background-color:rgba(0, 0, 0, 0)\" class=\"has-inline-color has-accent-color\">Vitajte<\/mark><br>\u017di a nechaj \u017ei\u0165, dobre sa najedz a bude\u0161 fit.<\/figcaption><\/figure>\n<\/div><\/div>\n\n\n\n<p><strong><mark style=\"background-color:rgba(0, 0, 0, 0)\" class=\"has-inline-color has-accent-color\">O n\u00e1s<\/mark><\/strong><\/p>\n\n\n\n<p class=\"has-text-align-left\">Re\u0161taur\u00e1cia Sedliacka Stodola. \u00datuln\u00e1 re\u0161taur\u00e1cia v sedliackom \u0161t\u00fdle ktor\u00e1 sa nach\u00e1dza uprostred dediny Ostrov, 7 kilometrov od Pie\u0161\u0165an. Re\u0161taur\u00e1ciu sme sa rozhodli otvori\u0165 v roku 2006, aby na\u0161a rodina pokra\u010dovala v trad\u00edcii ktor\u00fa sme za\u010dali v b\u00fdvalom Delf\u00edne, v Pie\u0161\u0165anoch. Otvorenie nakoniec prebehlo v novembri 2007 a dodnes ani jeden z n\u00e1s toto rozhodnutie ne\u013eutuje.\u00a0 Ke\u010f\u017ee sa na\u0161a re\u0161taur\u00e1cia nach\u00e1dza na dedine, chceme zachova\u0165 dedinsk\u00e9 zvyky a pod\u00e1va\u0165 najm\u00e4 jedl\u00e1 zo Slovensk\u00e9ho prostredia a dedinskej kuchyne. Na\u0161e jedl\u00e1 s\u00fa v\u00fdrazn\u00fdch chut\u00ed s prihliadnut\u00edm na kvalitu a kvantitu a bez pou\u017eitia polotovarov. V\u010faka spokojnosti na\u0161ich z\u00e1kazn\u00edkov sme sa rozhodli kapacitu re\u0161taur\u00e1cie z 32 miest zv\u00e4\u010d\u0161i\u0165 na 52 miest v uzavretom priestore a prida\u0165 terasu. Zorganizovali sme mnoho akci\u00ed, ako napr\u00edklad Ostrovsk\u00e9 letn\u00e9 dni, Do\u017einky a preteky vo varen\u00ed gul\u00e1\u0161u. Spolu s dedinou sa podie\u013eame ka\u017ed\u00fd rok na stavan\u00ed 1. M\u00e1ja. Po\u010das t\u00fdchto 15 rokov n\u00e1s nav\u0161t\u00edvilo mnoho v\u00fdznamn\u00fdch z\u00e1kazn\u00edkov a host\u00ed, ako napr\u00edklad futbalisti zo Srbska, konkr\u00e9tnej\u0161ie z Hlo\u017eian, katol\u00edcky hodnost\u00e1ri, v\u00fdznamn\u00ed \u013eudia z politick\u00e9ho prostredia, z telev\u00edznych m\u00e9di\u00ed, v\u00fdznamn\u00ed \u0161portovci a dokonca aj \u013eudia z r\u00f4znych kraj\u00edn mimo Eur\u00f3py s in\u00fdmi n\u00e1rodnos\u0165ami. Ka\u017edoro\u010dne, po\u010das zimn\u00fdch mesiacov, usporiadavame tradi\u010dn\u00e9 zab\u00edja\u010dky pre na\u0161ich z\u00e1kazn\u00edkov, aj na oslavy v\u00fdro\u010dia n\u00e1\u0161ho otvorenia. Po\u010das jesenn\u00fdch, chladnej\u0161\u00edch dni, vych\u00e1dzame v \u00fastrety milovn\u00edkom pe\u010denej husaciny a ka\u010daciny a rovnako i milovn\u00edkom diviny, na jar sa V\u00e1s sna\u017e\u00edme zas\u00fdti\u0165 mlad\u00fdm jah\u0148ac\u00edm a koz\u013eac\u00edm m\u00e4som. Radi V\u00e1s obsl\u00fa\u017eime pri rodinnom obede \u010di ve\u010deri, pri oslav\u00e1ch \u017eivotn\u00fdch jubile\u00ed, kr\u0161tin\u00e1ch, svadobn\u00fdch posedeniach \u010di firemn\u00fdch akci\u00e1ch. Te\u0161\u00edme sa na Va\u0161u n\u00e1v\u0161tevu a dr\u017e\u00edme sa hesla <strong>\u201e\u017di a nechaj \u017ei\u0165\u201d<\/strong>.<\/p>\n","protected":false},"excerpt":{"rendered":"<p>O n\u00e1s Re\u0161taur\u00e1cia Sedliacka Stodola. \u00datuln\u00e1 re\u0161taur\u00e1cia v sedliackom \u0161t\u00fdle ktor\u00e1 sa nach\u00e1dza uprostred dediny Ostrov, 7 kilometrov od Pie\u0161\u0165an. Re\u0161taur\u00e1ciu sme sa rozhodli otvori\u0165 v roku 2006, aby na\u0161a rodina pokra\u010dovala v trad\u00edcii ktor\u00fa sme za\u010dali v b\u00fdvalom Delf\u00edne, v Pie\u0161\u0165anoch. Otvorenie nakoniec prebehlo v novembri 2007 a dodnes ani jeden z n\u00e1s toto [&hellip;]<\/p>\n","protected":false},"author":1,"featured_media":0,"parent":0,"menu_order":0,"comment_status":"closed","ping_status":"closed","template":"","meta":{"_mi_skip_tracking":false,"footnotes":""},"class_list":["post-196","page","type-page","status-publish","hentry"],"yoast_head":"<!-- This site is optimized with the Yoast SEO plugin v19.11 - https:\/\/yoast.com\/wordpress\/plugins\/seo\/ -->\n<title>Re\u0161taur\u00e1cia Sedliacka stodola - Re\u0161taur\u00e1cia Sedliacka stodola<\/title>\n<meta name=\"robots\" content=\"index, follow, max-snippet:-1, max-image-preview:large, max-video-preview:-1\" \/>\n<link rel=\"canonical\" href=\"https:\/\/www.sedliackastodola.sk\/test\/\" \/>\n<meta property=\"og:locale\" content=\"sk_SK\" \/>\n<meta property=\"og:type\" content=\"article\" \/>\n<meta property=\"og:title\" content=\"Re\u0161taur\u00e1cia Sedliacka stodola - Re\u0161taur\u00e1cia Sedliacka stodola\" \/>\n<meta property=\"og:description\" content=\"O n\u00e1s Re\u0161taur\u00e1cia Sedliacka Stodola. \u00datuln\u00e1 re\u0161taur\u00e1cia v sedliackom \u0161t\u00fdle ktor\u00e1 sa nach\u00e1dza uprostred dediny Ostrov, 7 kilometrov od Pie\u0161\u0165an. Re\u0161taur\u00e1ciu sme sa rozhodli otvori\u0165 v roku 2006, aby na\u0161a rodina pokra\u010dovala v trad\u00edcii ktor\u00fa sme za\u010dali v b\u00fdvalom Delf\u00edne, v Pie\u0161\u0165anoch. Otvorenie nakoniec prebehlo v novembri 2007 a dodnes ani jeden z n\u00e1s toto [&hellip;]\" \/>\n<meta property=\"og:url\" content=\"https:\/\/www.sedliackastodola.sk\/test\/\" \/>\n<meta property=\"og:site_name\" content=\"Re\u0161taur\u00e1cia Sedliacka stodola\" \/>\n<meta property=\"article:modified_time\" content=\"2022-12-10T11:03:06+00:00\" \/>\n<meta property=\"og:image\" content=\"https:\/\/www.sedliackastodola.sk\/test\/wp-content\/uploads\/2022\/12\/0001.jpg\" \/>\n<meta name=\"twitter:card\" content=\"summary_large_image\" \/>\n<meta name=\"twitter:label1\" content=\"Predpokladan\u00fd \u010das \u010d\u00edtania\" \/>\n\t<meta name=\"twitter:data1\" content=\"2 min\u00faty\" \/>\n<script type=\"application\/ld+json\" class=\"yoast-schema-graph\">{\"@context\":\"https:\/\/schema.org\",\"@graph\":[{\"@type\":\"WebPage\",\"@id\":\"https:\/\/www.sedliackastodola.sk\/test\/\",\"url\":\"https:\/\/www.sedliackastodola.sk\/test\/\",\"name\":\"Re\u0161taur\u00e1cia Sedliacka stodola - Re\u0161taur\u00e1cia Sedliacka stodola\",\"isPartOf\":{\"@id\":\"https:\/\/www.sedliackastodola.sk\/test\/#website\"},\"datePublished\":\"2020-08-20T13:50:34+00:00\",\"dateModified\":\"2022-12-10T11:03:06+00:00\",\"breadcrumb\":{\"@id\":\"https:\/\/www.sedliackastodola.sk\/test\/#breadcrumb\"},\"inLanguage\":\"sk-SK\",\"potentialAction\":[{\"@type\":\"ReadAction\",\"target\":[\"https:\/\/www.sedliackastodola.sk\/test\/\"]}]},{\"@type\":\"BreadcrumbList\",\"@id\":\"https:\/\/www.sedliackastodola.sk\/test\/#breadcrumb\",\"itemListElement\":[{\"@type\":\"ListItem\",\"position\":1,\"name\":\"Home\",\"item\":\"https:\/\/www.sedliackastodola.sk\/test\/\"},{\"@type\":\"ListItem\",\"position\":2,\"name\":\"Re\u0161taur\u00e1cia Sedliacka stodola\"}]},{\"@type\":\"WebSite\",\"@id\":\"https:\/\/www.sedliackastodola.sk\/test\/#website\",\"url\":\"https:\/\/www.sedliackastodola.sk\/test\/\",\"name\":\"Re\u0161taur\u00e1cia Sedliacka stodola\",\"description\":\"Tradi\u010dn\u00e1 rodinn\u00e1 Slovensk\u00e1 re\u0161taur\u00e1cia\",\"potentialAction\":[{\"@type\":\"SearchAction\",\"target\":{\"@type\":\"EntryPoint\",\"urlTemplate\":\"https:\/\/www.sedliackastodola.sk\/test\/?s={search_term_string}\"},\"query-input\":\"required name=search_term_string\"}],\"inLanguage\":\"sk-SK\"}]}<\/script>\n<!-- \/ Yoast SEO plugin. -->","yoast_head_json":{"title":"Re\u0161taur\u00e1cia Sedliacka stodola - Re\u0161taur\u00e1cia Sedliacka stodola","robots":{"index":"index","follow":"follow","max-snippet":"max-snippet:-1","max-image-preview":"max-image-preview:large","max-video-preview":"max-video-preview:-1"},"canonical":"https:\/\/www.sedliackastodola.sk\/test\/","og_locale":"sk_SK","og_type":"article","og_title":"Re\u0161taur\u00e1cia Sedliacka stodola - Re\u0161taur\u00e1cia Sedliacka stodola","og_description":"O n\u00e1s Re\u0161taur\u00e1cia Sedliacka Stodola. \u00datuln\u00e1 re\u0161taur\u00e1cia v sedliackom \u0161t\u00fdle ktor\u00e1 sa nach\u00e1dza uprostred dediny Ostrov, 7 kilometrov od Pie\u0161\u0165an. Re\u0161taur\u00e1ciu sme sa rozhodli otvori\u0165 v roku 2006, aby na\u0161a rodina pokra\u010dovala v trad\u00edcii ktor\u00fa sme za\u010dali v b\u00fdvalom Delf\u00edne, v Pie\u0161\u0165anoch. Otvorenie nakoniec prebehlo v novembri 2007 a dodnes ani jeden z n\u00e1s toto [&hellip;]","og_url":"https:\/\/www.sedliackastodola.sk\/test\/","og_site_name":"Re\u0161taur\u00e1cia Sedliacka stodola","article_modified_time":"2022-12-10T11:03:06+00:00","og_image":[{"url":"https:\/\/www.sedliackastodola.sk\/test\/wp-content\/uploads\/2022\/12\/0001.jpg"}],"twitter_card":"summary_large_image","twitter_misc":{"Predpokladan\u00fd \u010das \u010d\u00edtania":"2 min\u00faty"},"schema":{"@context":"https:\/\/schema.org","@graph":[{"@type":"WebPage","@id":"https:\/\/www.sedliackastodola.sk\/test\/","url":"https:\/\/www.sedliackastodola.sk\/test\/","name":"Re\u0161taur\u00e1cia Sedliacka stodola - Re\u0161taur\u00e1cia Sedliacka stodola","isPartOf":{"@id":"https:\/\/www.sedliackastodola.sk\/test\/#website"},"datePublished":"2020-08-20T13:50:34+00:00","dateModified":"2022-12-10T11:03:06+00:00","breadcrumb":{"@id":"https:\/\/www.sedliackastodola.sk\/test\/#breadcrumb"},"inLanguage":"sk-SK","potentialAction":[{"@type":"ReadAction","target":["https:\/\/www.sedliackastodola.sk\/test\/"]}]},{"@type":"BreadcrumbList","@id":"https:\/\/www.sedliackastodola.sk\/test\/#breadcrumb","itemListElement":[{"@type":"ListItem","position":1,"name":"Home","item":"https:\/\/www.sedliackastodola.sk\/test\/"},{"@type":"ListItem","position":2,"name":"Re\u0161taur\u00e1cia Sedliacka stodola"}]},{"@type":"WebSite","@id":"https:\/\/www.sedliackastodola.sk\/test\/#website","url":"https:\/\/www.sedliackastodola.sk\/test\/","name":"Re\u0161taur\u00e1cia Sedliacka stodola","description":"Tradi\u010dn\u00e1 rodinn\u00e1 Slovensk\u00e1 re\u0161taur\u00e1cia","potentialAction":[{"@type":"SearchAction","target":{"@type":"EntryPoint","urlTemplate":"https:\/\/www.sedliackastodola.sk\/test\/?s={search_term_string}"},"query-input":"required name=search_term_string"}],"inLanguage":"sk-SK"}]}},"_links":{"self":[{"href":"https:\/\/www.sedliackastodola.sk\/test\/index.php?rest_route=\/wp\/v2\/pages\/196","targetHints":{"allow":["GET"]}}],"collection":[{"href":"https:\/\/www.sedliackastodola.sk\/test\/index.php?rest_route=\/wp\/v2\/pages"}],"about":[{"href":"https:\/\/www.sedliackastodola.sk\/test\/index.php?rest_route=\/wp\/v2\/types\/page"}],"author":[{"embeddable":true,"href":"https:\/\/www.sedliackastodola.sk\/test\/index.php?rest_route=\/wp\/v2\/users\/1"}],"replies":[{"embeddable":true,"href":"https:\/\/www.sedliackastodola.sk\/test\/index.php?rest_route=%2Fwp%2Fv2%2Fcomments&post=196"}],"version-history":[{"count":2,"href":"https:\/\/www.sedliackastodola.sk\/test\/index.php?rest_route=\/wp\/v2\/pages\/196\/revisions"}],"predecessor-version":[{"id":275,"href":"https:\/\/www.sedliackastodola.sk\/test\/index.php?rest_route=\/wp\/v2\/pages\/196\/revisions\/275"}],"wp:attachment":[{"href":"https:\/\/www.sedliackastodola.sk\/test\/index.php?rest_route=%2Fwp%2Fv2%2Fmedia&parent=196"}],"curies":[{"name":"wp","href":"https:\/\/api.w.org\/{rel}","templated":true}]}}