{"id":94,"date":"2020-08-19T18:54:22","date_gmt":"2020-08-19T16:54:22","guid":{"rendered":"https:\/\/www.sedliackastodola.sk\/test\/?page_id=94"},"modified":"2024-05-06T13:10:16","modified_gmt":"2024-05-06T11:10:16","slug":"kombinovane-jedla","status":"publish","type":"page","link":"https:\/\/www.sedliackastodola.sk\/test\/?page_id=94","title":{"rendered":"Kombinovan\u00e9 jedl\u00e1"},"content":{"rendered":"\n<figure class=\"wp-block-table is-style-stripes\"><table><tbody><tr><td class=\"has-text-align-right\" data-align=\"right\">14<span class=\"style6\">0 g<\/span><\/td><td><span class=\"style6\">Vypr\u00e1\u017ean\u00fd syr<\/span><\/td><td class=\"has-text-align-right\" data-align=\"right\"><div align=\"right\" class=\"style6\">8,50 \u20ac<\/div><\/td><\/tr><tr><td class=\"has-text-align-right\" data-align=\"right\"><span class=\"style6\">160 g<\/span><\/td><td><span class=\"style6\">Vypr\u00e1\u017ean\u00fd syr so \u0161unkou<\/span><\/td><td class=\"has-text-align-right\" data-align=\"right\"><div align=\"right\" class=\"style6\">9,00 \u20ac<\/div><\/td><\/tr><tr><td class=\"has-text-align-right\" data-align=\"right\"><span class=\"style6\">160 g<\/span><\/td><td><span class=\"style6\">Grilovan\u00fd poloo\u0161tiepok s brusnicovou om\u00e1\u010dkou<\/span><\/td><td class=\"has-text-align-right\" data-align=\"right\"><div align=\"right\" class=\"style6\">11,70 \u20ac<\/div><\/td><\/tr><tr><td class=\"has-text-align-right\" data-align=\"right\"><span class=\"style6\">120 g<\/span><\/td><td><span class=\"style6\">Vypr\u00e1\u017ean\u00fd enci\u00e1n<\/span><\/td><td class=\"has-text-align-right\" data-align=\"right\"><div align=\"right\" class=\"style6\">8,90 \u20ac<\/div><\/td><\/tr><tr><td class=\"has-text-align-right\" data-align=\"right\"><span class=\"style6\">150 g<\/span><\/td><td><span class=\"style6\">Vypr\u00e1\u017ean\u00e9 \u0161ampi\u0148\u00f3ny<\/span><\/td><td class=\"has-text-align-right\" data-align=\"right\"><div align=\"right\" class=\"style6\">9,70 \u20ac<\/div><\/td><\/tr><tr><td class=\"has-text-align-right\" data-align=\"right\"><span class=\"style6\">250 g<\/span><\/td><td><span class=\"style6\">Vypr\u00e1\u017ean\u00fd karfiol <\/span><\/td><td class=\"has-text-align-right\" data-align=\"right\"><div align=\"right\" class=\"style6\">9,90 \u20ac<\/div><\/td><\/tr><tr><td class=\"has-text-align-right\" data-align=\"right\"><span class=\"style7\">300 g<\/span><\/td><td><span class=\"style7\">Bryndzov\u00e9 halu\u0161ky so slaninou <\/span><\/td><td class=\"has-text-align-right\" data-align=\"right\">8,70 \u20ac<\/td><\/tr><tr><td class=\"has-text-align-right\" data-align=\"right\">300 g<\/td><td>Strapa\u010dky<\/td><td class=\"has-text-align-right\" data-align=\"right\">9,70 \u20ac<\/td><\/tr><tr><td class=\"has-text-align-right\" data-align=\"right\"><span class=\"style6\">500 g<\/span><\/td><td><span class=\"style6\">Pizza Mil\u00e1no<\/span><\/td><td class=\"has-text-align-right\" data-align=\"right\">8,00 \u20ac<\/td><\/tr><tr><td class=\"has-text-align-right\" data-align=\"right\"><span class=\"style6\">500 g<\/span><\/td><td><span class=\"style6\">Pizza \u0161unka ,syr ,\u0161ampi\u0148\u00f3ny<\/span><\/td><td class=\"has-text-align-right\" data-align=\"right\"><div align=\"right\" class=\"style6\">8,00 \u20ac<\/div><\/td><\/tr><tr><td class=\"has-text-align-right\" data-align=\"right\"><span class=\"style6\">500 g<\/span><\/td><td><span class=\"style6\">Pizza 4 druhy syra<\/span><\/td><td class=\"has-text-align-right\" data-align=\"right\"><div align=\"right\" class=\"style6\">8,00 \u20ac<\/div><\/td><\/tr><tr><td class=\"has-text-align-right\" data-align=\"right\"><span class=\"style6\">500 g<\/span><\/td><td><span class=\"style6\">Pizza Vegetari\u00e1nska<\/span><\/td><td class=\"has-text-align-right\" data-align=\"right\"><div align=\"right\" class=\"style6\">8,00 \u20ac<\/div><\/td><\/tr><tr><td class=\"has-text-align-right\" data-align=\"right\"><span class=\"style6\">500 g<\/span><\/td><td><span class=\"style6\">Pizza Sedliacka<\/span><\/td><td class=\"has-text-align-right\" data-align=\"right\"><div align=\"right\" class=\"style6\">8,00 \u20ac<\/div><\/td><\/tr><tr><td class=\"has-text-align-right\" data-align=\"right\"><span class=\"style6\">500 g<\/span><\/td><td><span class=\"style6\">Pizza Hawai<\/span><\/td><td class=\"has-text-align-right\" data-align=\"right\"><div align=\"right\" class=\"style6\">8,00 \u20ac<\/div><\/td><\/tr><tr><td class=\"has-text-align-right\" data-align=\"right\"><div align=\"right\" class=\"style6\"><span class=\"style2\">150 g<\/span><\/div><\/td><td><span class=\"style2 style6\">Letn\u00fd tanier<\/span><\/td><td class=\"has-text-align-right\" data-align=\"right\">10,90 \u20ac<\/td><\/tr><\/tbody><\/table><\/figure>\n\n\n\n<h2 class=\"wp-block-heading\">Pr\u00eddavky na pizzu<\/h2>\n\n\n\n<figure class=\"wp-block-table is-style-stripes\"><table><tbody><tr><td><span class=\"style6\">50 g<\/span><\/td><td><span class=\"style6\">Syr Eidam <\/span><\/td><td><div align=\"right\" class=\"style6\">0,90 \u20ac<\/div><\/td><\/tr><tr><td><span class=\"style6\">50 g<\/span><\/td><td><span class=\"style6\">Syr Niva <\/span><\/td><td><div align=\"right\" class=\"style6\">0,90 \u20ac<\/div><\/td><\/tr><tr><td><span class=\"style6\">50 g<\/span><\/td><td><span class=\"style6\">Syr \u00faden\u00fd <\/span><\/td><td><div align=\"right\" class=\"style6\">0,90 \u20ac<\/div><\/td><\/tr><tr><td><span class=\"style6\">50 g<\/span><\/td><td><span class=\"style6\">\u0160unka<\/span><\/td><td><div align=\"right\" class=\"style6\">0,80 \u20ac<\/div><\/td><\/tr><tr><td><span class=\"style6\">50 g<\/span><\/td><td><span class=\"style6\">\u0160ampi\u0148\u00f3ny<\/span><\/td><td><div align=\"right\" class=\"style6\">0,70 \u20ac<\/div><\/td><\/tr><tr><td><span class=\"style6\">50 g<\/span><\/td><td><span class=\"style6\">Kukurica<\/span><\/td><td><div align=\"right\" class=\"style6\">0,70 \u20ac<\/div><\/td><\/tr><tr><td><span class=\"style6\">50 g<\/span><\/td><td><span class=\"style6\">Slanina<\/span><\/td><td><div align=\"right\" class=\"style6\">0,80 \u20ac<\/div><\/td><\/tr><tr><td><span class=\"style6\">50 g<\/span><\/td><td><span class=\"style6\">Klob\u00e1sa<\/span><\/td><td><div align=\"right\" class=\"style6\">0,80 \u20ac<\/div><\/td><\/tr><tr><td><span class=\"style6\">50 g<\/span><\/td><td><span class=\"style6\">Tuniak<\/span><\/td><td><div align=\"right\" class=\"style6\">2,50 \u20ac<\/div><\/td><\/tr><tr><td><span class=\"style6\">50 g<\/span><\/td><td><span class=\"style6\">Olivy<\/span><\/td><td><div align=\"right\" class=\"style6\">0,80 \u20ac<\/div><\/td><\/tr><tr><td><span class=\"style6\">250 g<\/span><\/td><td><span class=\"style6\">Pizza z\u00e1kladn\u00e1<\/span><\/td><td><div align=\"right\" class=\"style6\">5,60 \u20ac<\/div><\/td><\/tr><\/tbody><\/table><\/figure>\n","protected":false},"excerpt":{"rendered":"<p>140 g Vypr\u00e1\u017ean\u00fd syr 8,50 \u20ac 160 g Vypr\u00e1\u017ean\u00fd syr so \u0161unkou 9,00 \u20ac 160 g Grilovan\u00fd poloo\u0161tiepok s brusnicovou om\u00e1\u010dkou 11,70 \u20ac 120 g Vypr\u00e1\u017ean\u00fd enci\u00e1n 8,90 \u20ac 150 g Vypr\u00e1\u017ean\u00e9 \u0161ampi\u0148\u00f3ny 9,70 \u20ac 250 g Vypr\u00e1\u017ean\u00fd karfiol 9,90 \u20ac 300 g Bryndzov\u00e9 halu\u0161ky so slaninou 8,70 \u20ac 300 g Strapa\u010dky 9,70 \u20ac 500 [&hellip;]<\/p>\n","protected":false},"author":1,"featured_media":0,"parent":0,"menu_order":0,"comment_status":"closed","ping_status":"closed","template":"","meta":{"_mi_skip_tracking":false,"footnotes":""},"class_list":["post-94","page","type-page","status-publish","hentry"],"yoast_head":"<!-- This site is optimized with the Yoast SEO plugin v19.11 - https:\/\/yoast.com\/wordpress\/plugins\/seo\/ -->\n<title>Kombinovan\u00e9 jedl\u00e1 - Re\u0161taur\u00e1cia Sedliacka stodola<\/title>\n<meta name=\"robots\" content=\"index, follow, max-snippet:-1, max-image-preview:large, max-video-preview:-1\" \/>\n<link rel=\"canonical\" href=\"https:\/\/www.sedliackastodola.sk\/test\/?page_id=94\" \/>\n<meta property=\"og:locale\" content=\"sk_SK\" \/>\n<meta property=\"og:type\" content=\"article\" \/>\n<meta property=\"og:title\" content=\"Kombinovan\u00e9 jedl\u00e1 - Re\u0161taur\u00e1cia Sedliacka stodola\" \/>\n<meta property=\"og:description\" content=\"140 g Vypr\u00e1\u017ean\u00fd syr 8,50 \u20ac 160 g Vypr\u00e1\u017ean\u00fd syr so \u0161unkou 9,00 \u20ac 160 g Grilovan\u00fd poloo\u0161tiepok s brusnicovou om\u00e1\u010dkou 11,70 \u20ac 120 g Vypr\u00e1\u017ean\u00fd enci\u00e1n 8,90 \u20ac 150 g Vypr\u00e1\u017ean\u00e9 \u0161ampi\u0148\u00f3ny 9,70 \u20ac 250 g Vypr\u00e1\u017ean\u00fd karfiol 9,90 \u20ac 300 g Bryndzov\u00e9 halu\u0161ky so slaninou 8,70 \u20ac 300 g Strapa\u010dky 9,70 \u20ac 500 [&hellip;]\" \/>\n<meta property=\"og:url\" content=\"https:\/\/www.sedliackastodola.sk\/test\/?page_id=94\" \/>\n<meta property=\"og:site_name\" content=\"Re\u0161taur\u00e1cia Sedliacka stodola\" \/>\n<meta property=\"article:modified_time\" content=\"2024-05-06T11:10:16+00:00\" \/>\n<meta name=\"twitter:card\" content=\"summary_large_image\" \/>\n<meta name=\"twitter:label1\" content=\"Predpokladan\u00fd \u010das \u010d\u00edtania\" \/>\n\t<meta name=\"twitter:data1\" content=\"1 min\u00fata\" \/>\n<script type=\"application\/ld+json\" class=\"yoast-schema-graph\">{\"@context\":\"https:\/\/schema.org\",\"@graph\":[{\"@type\":\"WebPage\",\"@id\":\"https:\/\/www.sedliackastodola.sk\/test\/?page_id=94\",\"url\":\"https:\/\/www.sedliackastodola.sk\/test\/?page_id=94\",\"name\":\"Kombinovan\u00e9 jedl\u00e1 - Re\u0161taur\u00e1cia Sedliacka stodola\",\"isPartOf\":{\"@id\":\"https:\/\/www.sedliackastodola.sk\/test\/#website\"},\"datePublished\":\"2020-08-19T16:54:22+00:00\",\"dateModified\":\"2024-05-06T11:10:16+00:00\",\"breadcrumb\":{\"@id\":\"https:\/\/www.sedliackastodola.sk\/test\/?page_id=94#breadcrumb\"},\"inLanguage\":\"sk-SK\",\"potentialAction\":[{\"@type\":\"ReadAction\",\"target\":[\"https:\/\/www.sedliackastodola.sk\/test\/?page_id=94\"]}]},{\"@type\":\"BreadcrumbList\",\"@id\":\"https:\/\/www.sedliackastodola.sk\/test\/?page_id=94#breadcrumb\",\"itemListElement\":[{\"@type\":\"ListItem\",\"position\":1,\"name\":\"Home\",\"item\":\"https:\/\/www.sedliackastodola.sk\/test\/\"},{\"@type\":\"ListItem\",\"position\":2,\"name\":\"Kombinovan\u00e9 jedl\u00e1\"}]},{\"@type\":\"WebSite\",\"@id\":\"https:\/\/www.sedliackastodola.sk\/test\/#website\",\"url\":\"https:\/\/www.sedliackastodola.sk\/test\/\",\"name\":\"Re\u0161taur\u00e1cia Sedliacka stodola\",\"description\":\"Tradi\u010dn\u00e1 rodinn\u00e1 Slovensk\u00e1 re\u0161taur\u00e1cia\",\"potentialAction\":[{\"@type\":\"SearchAction\",\"target\":{\"@type\":\"EntryPoint\",\"urlTemplate\":\"https:\/\/www.sedliackastodola.sk\/test\/?s={search_term_string}\"},\"query-input\":\"required name=search_term_string\"}],\"inLanguage\":\"sk-SK\"}]}<\/script>\n<!-- \/ Yoast SEO plugin. -->","yoast_head_json":{"title":"Kombinovan\u00e9 jedl\u00e1 - Re\u0161taur\u00e1cia Sedliacka stodola","robots":{"index":"index","follow":"follow","max-snippet":"max-snippet:-1","max-image-preview":"max-image-preview:large","max-video-preview":"max-video-preview:-1"},"canonical":"https:\/\/www.sedliackastodola.sk\/test\/?page_id=94","og_locale":"sk_SK","og_type":"article","og_title":"Kombinovan\u00e9 jedl\u00e1 - Re\u0161taur\u00e1cia Sedliacka stodola","og_description":"140 g Vypr\u00e1\u017ean\u00fd syr 8,50 \u20ac 160 g Vypr\u00e1\u017ean\u00fd syr so \u0161unkou 9,00 \u20ac 160 g Grilovan\u00fd poloo\u0161tiepok s brusnicovou om\u00e1\u010dkou 11,70 \u20ac 120 g Vypr\u00e1\u017ean\u00fd enci\u00e1n 8,90 \u20ac 150 g Vypr\u00e1\u017ean\u00e9 \u0161ampi\u0148\u00f3ny 9,70 \u20ac 250 g Vypr\u00e1\u017ean\u00fd karfiol 9,90 \u20ac 300 g Bryndzov\u00e9 halu\u0161ky so slaninou 8,70 \u20ac 300 g Strapa\u010dky 9,70 \u20ac 500 [&hellip;]","og_url":"https:\/\/www.sedliackastodola.sk\/test\/?page_id=94","og_site_name":"Re\u0161taur\u00e1cia Sedliacka stodola","article_modified_time":"2024-05-06T11:10:16+00:00","twitter_card":"summary_large_image","twitter_misc":{"Predpokladan\u00fd \u010das \u010d\u00edtania":"1 min\u00fata"},"schema":{"@context":"https:\/\/schema.org","@graph":[{"@type":"WebPage","@id":"https:\/\/www.sedliackastodola.sk\/test\/?page_id=94","url":"https:\/\/www.sedliackastodola.sk\/test\/?page_id=94","name":"Kombinovan\u00e9 jedl\u00e1 - Re\u0161taur\u00e1cia Sedliacka stodola","isPartOf":{"@id":"https:\/\/www.sedliackastodola.sk\/test\/#website"},"datePublished":"2020-08-19T16:54:22+00:00","dateModified":"2024-05-06T11:10:16+00:00","breadcrumb":{"@id":"https:\/\/www.sedliackastodola.sk\/test\/?page_id=94#breadcrumb"},"inLanguage":"sk-SK","potentialAction":[{"@type":"ReadAction","target":["https:\/\/www.sedliackastodola.sk\/test\/?page_id=94"]}]},{"@type":"BreadcrumbList","@id":"https:\/\/www.sedliackastodola.sk\/test\/?page_id=94#breadcrumb","itemListElement":[{"@type":"ListItem","position":1,"name":"Home","item":"https:\/\/www.sedliackastodola.sk\/test\/"},{"@type":"ListItem","position":2,"name":"Kombinovan\u00e9 jedl\u00e1"}]},{"@type":"WebSite","@id":"https:\/\/www.sedliackastodola.sk\/test\/#website","url":"https:\/\/www.sedliackastodola.sk\/test\/","name":"Re\u0161taur\u00e1cia Sedliacka stodola","description":"Tradi\u010dn\u00e1 rodinn\u00e1 Slovensk\u00e1 re\u0161taur\u00e1cia","potentialAction":[{"@type":"SearchAction","target":{"@type":"EntryPoint","urlTemplate":"https:\/\/www.sedliackastodola.sk\/test\/?s={search_term_string}"},"query-input":"required name=search_term_string"}],"inLanguage":"sk-SK"}]}},"_links":{"self":[{"href":"https:\/\/www.sedliackastodola.sk\/test\/index.php?rest_route=\/wp\/v2\/pages\/94","targetHints":{"allow":["GET"]}}],"collection":[{"href":"https:\/\/www.sedliackastodola.sk\/test\/index.php?rest_route=\/wp\/v2\/pages"}],"about":[{"href":"https:\/\/www.sedliackastodola.sk\/test\/index.php?rest_route=\/wp\/v2\/types\/page"}],"author":[{"embeddable":true,"href":"https:\/\/www.sedliackastodola.sk\/test\/index.php?rest_route=\/wp\/v2\/users\/1"}],"replies":[{"embeddable":true,"href":"https:\/\/www.sedliackastodola.sk\/test\/index.php?rest_route=%2Fwp%2Fv2%2Fcomments&post=94"}],"version-history":[{"count":5,"href":"https:\/\/www.sedliackastodola.sk\/test\/index.php?rest_route=\/wp\/v2\/pages\/94\/revisions"}],"predecessor-version":[{"id":426,"href":"https:\/\/www.sedliackastodola.sk\/test\/index.php?rest_route=\/wp\/v2\/pages\/94\/revisions\/426"}],"wp:attachment":[{"href":"https:\/\/www.sedliackastodola.sk\/test\/index.php?rest_route=%2Fwp%2Fv2%2Fmedia&parent=94"}],"curies":[{"name":"wp","href":"https:\/\/api.w.org\/{rel}","templated":true}]}}